{"id":119,"date":"2023-12-13T02:43:31","date_gmt":"2023-12-13T02:43:31","guid":{"rendered":"https:\/\/store.jvdconsultores.com\/?post_type=product&#038;p=119"},"modified":"2023-12-13T02:46:04","modified_gmt":"2023-12-13T02:46:04","slug":"all-in-one-lanix-x240-23-8-curva-intel-core-i3","status":"publish","type":"product","link":"https:\/\/store.jvdconsultores.com\/index.php\/product\/all-in-one-lanix-x240-23-8-curva-intel-core-i3\/","title":{"rendered":"All in One Lanix X240 23.8&#8243; Curva Intel Core i3"},"content":{"rendered":"<table id=\"Caracteristicas_Generales\" class=\" table table-striped\" border=\"0\">\n<tbody>\n<tr>\n<td>Marca:<\/td>\n<td>Lanix<\/td>\n<\/tr>\n<tr>\n<td>Art\u00edculo:<\/td>\n<td>All in One<\/td>\n<\/tr>\n<tr>\n<td>Modelo:<\/td>\n<td>X240<\/td>\n<\/tr>\n<tr>\n<td>Color:<\/td>\n<td>Negro<\/td>\n<\/tr>\n<tr>\n<td>Procesador:<\/td>\n<td>Intel Core i3 1115G4<\/td>\n<\/tr>\n<tr>\n<td>Sistema operativo:<\/td>\n<td>Windows\u00ae 11 Home<\/td>\n<\/tr>\n<tr>\n<td>Disco duro:<\/td>\n<td>256GB SSD M.2<\/td>\n<\/tr>\n<tr>\n<td>Memoria:<\/td>\n<td>8 GB<\/td>\n<\/tr>\n<tr>\n<td>Pantalla:<\/td>\n<td>23.8\u201d LED Full HD (1920 x 1080), IPS, curva, borde delgado<\/td>\n<\/tr>\n<tr>\n<td>Gr\u00e1ficos:<\/td>\n<td>Intel\u00ae UHD Graphics<\/td>\n<\/tr>\n<tr>\n<td>Audio:<\/td>\n<td>Audio de alta definici\u00f3n Micr\u00f3fono integrado Dos bocinas integradas de 2 W<\/td>\n<\/tr>\n<tr>\n<td>Teclado y dispositivo se\u00f1alador:<\/td>\n<td>Distribuci\u00f3n en Espa\u00f1ol, 111 teclas, Inal\u00e1mbrico. Mouse \u00f3ptico de dos botones con rueda de desplazamiento, inal\u00e1mbrico<\/td>\n<\/tr>\n<tr>\n<td>Puertos:<\/td>\n<td>3 Puertos USB 3.0 2 Puertos USB 2.0 1 Puerto de salida HDMI tipo A 1 Salida de audio de 3.5 mm 1 Conector micr\u00f3fono de 35 mm 1 Puerto LAN RJ-45 1 Conector de entrada de corriente CD<\/td>\n<\/tr>\n<tr>\n<td>Lector de tarjetas:<\/td>\n<td>Micro SD<\/td>\n<\/tr>\n<tr>\n<td>Conectividad:<\/td>\n<td>Tarjeta de red Ethernet integrada10\/100\/1000 Mb Base-TX Tarjeta de red inal\u00e1mbrica 802.11 b\/g\/n<\/td>\n<\/tr>\n<tr>\n<td>Fuente de energ\u00eda:<\/td>\n<td>Adaptador CA de ajuste autom\u00e1tico entre 100~240 V-2 A, 50~60 Hz, salida 12 V, 3 A<\/td>\n<\/tr>\n<tr>\n<td>Seguridad:<\/td>\n<td>Contrase\u00f1a de administrador para acceso al BIOS y arranque del sistema<\/td>\n<\/tr>\n<tr>\n<td>Dimensiones:<\/td>\n<td>53.8 cm x 31.8 cm x 1.45 cm<\/td>\n<\/tr>\n<\/tbody>\n<\/table>\n","protected":false},"excerpt":{"rendered":"<h5 class=\"font-gray-bold\">All in One Lanix X240 23.8&#8243; Curva Intel Core i3 1115G4 Disco duro 256 GB SSD Ram 8 GB Windows 11 Home Color Negro<\/h5>\n","protected":false},"featured_media":120,"comment_status":"open","ping_status":"closed","template":"","meta":[],"product_cat":[28],"product_tag":[29],"jetpack_sharing_enabled":true,"_links":{"self":[{"href":"https:\/\/store.jvdconsultores.com\/index.php\/wp-json\/wp\/v2\/product\/119"}],"collection":[{"href":"https:\/\/store.jvdconsultores.com\/index.php\/wp-json\/wp\/v2\/product"}],"about":[{"href":"https:\/\/store.jvdconsultores.com\/index.php\/wp-json\/wp\/v2\/types\/product"}],"replies":[{"embeddable":true,"href":"https:\/\/store.jvdconsultores.com\/index.php\/wp-json\/wp\/v2\/comments?post=119"}],"wp:featuredmedia":[{"embeddable":true,"href":"https:\/\/store.jvdconsultores.com\/index.php\/wp-json\/wp\/v2\/media\/120"}],"wp:attachment":[{"href":"https:\/\/store.jvdconsultores.com\/index.php\/wp-json\/wp\/v2\/media?parent=119"}],"wp:term":[{"taxonomy":"product_cat","embeddable":true,"href":"https:\/\/store.jvdconsultores.com\/index.php\/wp-json\/wp\/v2\/product_cat?post=119"},{"taxonomy":"product_tag","embeddable":true,"href":"https:\/\/store.jvdconsultores.com\/index.php\/wp-json\/wp\/v2\/product_tag?post=119"}],"curies":[{"name":"wp","href":"https:\/\/api.w.org\/{rel}","templated":true}]}}