{"id":73,"date":"2023-12-11T02:34:55","date_gmt":"2023-12-11T02:34:55","guid":{"rendered":"https:\/\/store.jvdconsultores.com\/?post_type=product&#038;p=73"},"modified":"2023-12-11T02:48:47","modified_gmt":"2023-12-11T02:48:47","slug":"laptop-acer-aspire-3-a315-24p-r8lx-15-6","status":"publish","type":"product","link":"https:\/\/store.jvdconsultores.com\/index.php\/product\/laptop-acer-aspire-3-a315-24p-r8lx-15-6\/","title":{"rendered":"Laptop Acer Aspire 3 A315-24P-R8LX 15.6&#8243;"},"content":{"rendered":"<table id=\"Caracteristicas_Generales\" class=\" table table-striped\" border=\"0\">\n<tbody>\n<tr>\n<td>Marca:<\/td>\n<td>Acer<\/td>\n<\/tr>\n<tr>\n<td>Art\u00edculo:<\/td>\n<td>Laptop<\/td>\n<\/tr>\n<tr>\n<td>Modelo:<\/td>\n<td>A315-24P-R8LX<\/td>\n<\/tr>\n<tr>\n<td>Sistema Operativo:<\/td>\n<td>Windows 11 Home Single Language 64 bits<\/td>\n<\/tr>\n<tr>\n<td>Procesador:<\/td>\n<td>AMD RyzenTM 5-7520U, Quad Core, 2.80 GHz hasta 4.30 GHz, 4 MB Cache 8 GB LPDDR5 hasta 5200 MHz; Single Channel (soldados a la MotherBoard)<\/td>\n<\/tr>\n<tr>\n<td>Pantalla:<\/td>\n<td>15.6\u201c relaci\u00f3n de aspecto 16:9; FHD 1920 x 1080, Acer ComfyView\u2122 LCD LED backlit; Libre de Mercurio, amigable con el ambiente.<\/td>\n<\/tr>\n<tr>\n<td>Gr\u00e1ficos:<\/td>\n<td>AMD RadeonTM Graphics<\/td>\n<\/tr>\n<tr>\n<td>Almacenamiento:<\/td>\n<td>512 GB SSD PCIe NVMe Expandible hasta 1 TB SSD<\/td>\n<\/tr>\n<tr>\n<td>C\u00e1mara Web:<\/td>\n<td>Webcam HD con Lentes de Cristal Azul Resoluci\u00f3n 1280 x 720 Grabaci\u00f3n de video a 720p 30 fps con Tecnolog\u00eda Acer Temporal Noise Reduction<\/td>\n<\/tr>\n<tr>\n<td>WiFi y red:<\/td>\n<td>802.11ax WiFi 6 Tecnolog\u00eda 2&#215;2 MU-MIMO Bluetooth\u00ae 5.2<\/td>\n<\/tr>\n<tr>\n<td>Tama\u00f1o y Peso:<\/td>\n<td>362.9 (W) x 237.5 (D) x 18.9 (H) mm, 1.78 kg<\/td>\n<\/tr>\n<tr>\n<td>Alimentaci\u00f3n y bater\u00eda:<\/td>\n<td>Adaptador de 3 pines 45 W AC Bater\u00eda de Ion-Litio, 40 Wh 3 Celdas Hasta 11 horas de duraci\u00f3n de bater\u00eda (basado en los resultados de la prueba MobileMark\u00ae 2018)<\/td>\n<\/tr>\n<tr>\n<td>Puertos:<\/td>\n<td>1 USB Tipo C 3.2 Gen 2 (soporta DisplayPort, carga de dispositivos externos y transferencia de datos); 2 USB 3.2 Gen 1; HDMI 2.1; Conector de Audio 3.5mm para microf\u00f3no\/aud\u00edfonos; Teclado en espa\u00f1ol.<\/td>\n<\/tr>\n<tr>\n<td>Audio:<\/td>\n<td>Tecnolog\u00eda Acer Purified.Voice con reducci\u00f3n de ruido AI en micr\u00f3fonos integrados duales. Las caracter\u00edsticas incluyen captaci\u00f3n de campo lejano, ruido din\u00e1mico, reducci\u00f3n a trav\u00e9s de redes neuronales, formaci\u00f3n de haces adaptativos y modos predefinidos de llamada personal y de conferencia; Compatible con Cortana con voz; Dos altavoces est\u00e9reo incorporados.<\/td>\n<\/tr>\n<\/tbody>\n<\/table>\n","protected":false},"excerpt":{"rendered":"<h5 class=\"font-gray-bold\">Laptop Acer Aspire 3 A315-24P-R8LX 15.6&#8243; AMD R5 7520U Disco duro 512 GB SSD Ram 8 GB Windows 11 Home Color Plata<\/h5>\n","protected":false},"featured_media":74,"comment_status":"open","ping_status":"closed","template":"","meta":[],"product_cat":[18],"product_tag":[23],"jetpack_sharing_enabled":true,"_links":{"self":[{"href":"https:\/\/store.jvdconsultores.com\/index.php\/wp-json\/wp\/v2\/product\/73"}],"collection":[{"href":"https:\/\/store.jvdconsultores.com\/index.php\/wp-json\/wp\/v2\/product"}],"about":[{"href":"https:\/\/store.jvdconsultores.com\/index.php\/wp-json\/wp\/v2\/types\/product"}],"replies":[{"embeddable":true,"href":"https:\/\/store.jvdconsultores.com\/index.php\/wp-json\/wp\/v2\/comments?post=73"}],"wp:featuredmedia":[{"embeddable":true,"href":"https:\/\/store.jvdconsultores.com\/index.php\/wp-json\/wp\/v2\/media\/74"}],"wp:attachment":[{"href":"https:\/\/store.jvdconsultores.com\/index.php\/wp-json\/wp\/v2\/media?parent=73"}],"wp:term":[{"taxonomy":"product_cat","embeddable":true,"href":"https:\/\/store.jvdconsultores.com\/index.php\/wp-json\/wp\/v2\/product_cat?post=73"},{"taxonomy":"product_tag","embeddable":true,"href":"https:\/\/store.jvdconsultores.com\/index.php\/wp-json\/wp\/v2\/product_tag?post=73"}],"curies":[{"name":"wp","href":"https:\/\/api.w.org\/{rel}","templated":true}]}}