{"id":77,"date":"2023-12-11T02:40:42","date_gmt":"2023-12-11T02:40:42","guid":{"rendered":"https:\/\/store.jvdconsultores.com\/?post_type=product&#038;p=77"},"modified":"2023-12-11T02:45:41","modified_gmt":"2023-12-11T02:45:41","slug":"smartphone-nokia-g10-6-5-64gb-3gb","status":"publish","type":"product","link":"https:\/\/store.jvdconsultores.com\/index.php\/product\/smartphone-nokia-g10-6-5-64gb-3gb\/","title":{"rendered":"Smartphone Nokia G10 6.5&#8243; 64GB\/3GB"},"content":{"rendered":"<div class=\"col-lg-6 col-md-6 especificaciones_grales\">\n<div>\n<table id=\"Caracteristicas_Generales\" class=\" table table-striped\" border=\"0\">\n<tbody>\n<tr>\n<td>Marca:<\/td>\n<td>Nokia<\/td>\n<\/tr>\n<tr>\n<td>Art\u00edculo:<\/td>\n<td>Smartphone<\/td>\n<\/tr>\n<tr>\n<td>Modelo:<\/td>\n<td>G10<\/td>\n<\/tr>\n<tr>\n<td>Color:<\/td>\n<td>Azul<\/td>\n<\/tr>\n<tr>\n<td>Procesador:<\/td>\n<td>Mediatek Helio G25<\/td>\n<\/tr>\n<tr>\n<td>Sistema operativo:<\/td>\n<td>Android\u2122 11<\/td>\n<\/tr>\n<tr>\n<td>Memoria y almacenamiento:<\/td>\n<td>Almacenamiento interno:64 GB, RAM:3 GB, Soporte para tarjetas MicroSD de hasta:512 GB<\/td>\n<\/tr>\n<tr>\n<td>Pantalla:<\/td>\n<td>6.5&#8243; Relaci\u00f3n de aspecto:20:9, Vidrio de cubierta: Vidrio reforzado, Brillo de 400 nits (t\u00edp.), Aumento del brillo de la luz solar, Resoluci\u00f3n: HD+ (720 X 1600)<\/td>\n<\/tr>\n<tr>\n<td>C\u00e1mara trasera:<\/td>\n<td>13 MP Principal + 2 MP Profundidad + 2 MP Macro<\/td>\n<\/tr>\n<tr>\n<td>C\u00e1mara frontal:<\/td>\n<td>8 MP<\/td>\n<\/tr>\n<tr>\n<td>Otros:<\/td>\n<td>Modo retrato, modo nocturno, HDR, Embellecimiento, Panor\u00e1mica, Marca de agua Flash trasero led<\/td>\n<\/tr>\n<tr>\n<td>Conectividad:<\/td>\n<td>Bluetooth 5.0, Conexi\u00f3n USB:USB Type-C (USB 2.0) OTG, Entrada de auriculares:3.5 mm, Ubicaci\u00f3n: GPS\/AGPS, GLONASS, Beidou, Wifi:802.11 b\/g\/n<\/td>\n<\/tr>\n<tr>\n<td>Bater\u00eda y carga:<\/td>\n<td>Bater\u00eda: 5050 mAh, No removible, Carga de 10 W<\/td>\n<\/tr>\n<tr>\n<td>Audio:<\/td>\n<td>Captura de audio espacial OZO con reducci\u00f3n del ruido del viento, aptX, aptX adaptativo, aptX HD, radio FM (se necesitan auriculares), Micr\u00f3fonos: 2<\/td>\n<\/tr>\n<tr>\n<td>Redes:<\/td>\n<td>4G<\/td>\n<\/tr>\n<tr>\n<td>Seguridad:<\/td>\n<td>IPX2, sensor de huella digital: Tecla de encendido lateral<\/td>\n<\/tr>\n<tr>\n<td>Sensores:<\/td>\n<td>Aceler\u00f3metro (sensor G), Sensor de luz ambiental, Sensor de proximidad<\/td>\n<\/tr>\n<tr>\n<td>Dimensiones:<\/td>\n<td>16.49 cm x 7.6 cm x 0.92 cm<\/td>\n<\/tr>\n<tr>\n<td>Peso:<\/td>\n<td>194 g<\/td>\n<\/tr>\n<\/tbody>\n<\/table>\n<\/div>\n<\/div>\n","protected":false},"excerpt":{"rendered":"<h5 class=\"font-gray-bold\">Smartphone Nokia G10 6.5&#8243; 64GB\/3GB C\u00e1mara 13MP+2MP+2MP\/8MP Mediatek Android 11 Color Azul<\/h5>\n","protected":false},"featured_media":79,"comment_status":"open","ping_status":"closed","template":"","meta":[],"product_cat":[20],"product_tag":[24],"jetpack_sharing_enabled":true,"_links":{"self":[{"href":"https:\/\/store.jvdconsultores.com\/index.php\/wp-json\/wp\/v2\/product\/77"}],"collection":[{"href":"https:\/\/store.jvdconsultores.com\/index.php\/wp-json\/wp\/v2\/product"}],"about":[{"href":"https:\/\/store.jvdconsultores.com\/index.php\/wp-json\/wp\/v2\/types\/product"}],"replies":[{"embeddable":true,"href":"https:\/\/store.jvdconsultores.com\/index.php\/wp-json\/wp\/v2\/comments?post=77"}],"wp:featuredmedia":[{"embeddable":true,"href":"https:\/\/store.jvdconsultores.com\/index.php\/wp-json\/wp\/v2\/media\/79"}],"wp:attachment":[{"href":"https:\/\/store.jvdconsultores.com\/index.php\/wp-json\/wp\/v2\/media?parent=77"}],"wp:term":[{"taxonomy":"product_cat","embeddable":true,"href":"https:\/\/store.jvdconsultores.com\/index.php\/wp-json\/wp\/v2\/product_cat?post=77"},{"taxonomy":"product_tag","embeddable":true,"href":"https:\/\/store.jvdconsultores.com\/index.php\/wp-json\/wp\/v2\/product_tag?post=77"}],"curies":[{"name":"wp","href":"https:\/\/api.w.org\/{rel}","templated":true}]}}